{"id":8046,"date":"2024-07-12T09:40:44","date_gmt":"2024-07-12T09:40:44","guid":{"rendered":"https:\/\/concellodeourol.es\/ova_dir\/iglesia-de-santa-maria-de-ourol\/"},"modified":"2024-07-25T09:36:56","modified_gmt":"2024-07-25T09:36:56","slug":"iglesia-de-santa-maria-de-ourol","status":"publish","type":"ova_dir","link":"https:\/\/concellodeourol.es\/es\/ova_dir\/iglesia-de-santa-maria-de-ourol\/","title":{"rendered":"Iglesia de Santa Mar\u00eda de Ourol"},"content":{"rendered":"\n<p>Seg\u00fan afirma Luis L\u00f3pez Pombo en su libro<em>&nbsp;Municipio de Ourol. Un recorrido por sus parroquias,&nbsp;<\/em>la primera referencia que se tiene constancia de esta feligres\u00eda data de 1128, cuando don Alfonso VII, hijo de la reina do\u00f1a Urraca, realiza una divisi\u00f3n de herencias eclesi\u00e1sticas en la di\u00f3cesis de Mondo\u00f1edo, en la que figura esta parroquia con en nombre de&nbsp;<strong><em>S. Mar\u00eda de Aurol.<\/em><\/strong><\/p>\n\n\n\n<p>La iglesia de Ourol es el resultado de diversas reformas de un tempo inicial.<\/p>\n","protected":false},"featured_media":7718,"comment_status":"closed","ping_status":"closed","template":"","cat_dir":[161],"tag_dir":[162],"class_list":["post-8046","ova_dir","type-ova_dir","status-publish","has-post-thumbnail","hentry","cat_dir-patrimonio-es","tag_dir-igrexas-capelas-e-ermidas-es"],"yoast_head":"<!-- This site is optimized with the Yoast SEO plugin v25.0 - https:\/\/yoast.com\/wordpress\/plugins\/seo\/ -->\n<title>Iglesia de Santa Mar\u00eda de Ourol - Concello de Ourol<\/title>\n<meta name=\"robots\" content=\"index, follow, max-snippet:-1, max-image-preview:large, max-video-preview:-1\" \/>\n<link rel=\"canonical\" href=\"https:\/\/concellodeourol.es\/es\/ova_dir\/iglesia-de-santa-maria-de-ourol\/\" \/>\n<meta property=\"og:locale\" content=\"es_ES\" \/>\n<meta property=\"og:type\" content=\"article\" \/>\n<meta property=\"og:title\" content=\"Iglesia de Santa Mar\u00eda de Ourol - Concello de Ourol\" \/>\n<meta property=\"og:description\" content=\"Seg\u00fan afirma Luis L\u00f3pez Pombo en su libro&nbsp;Municipio de Ourol. Un recorrido por sus parroquias,&nbsp;la primera referencia que se tiene constancia de esta feligres\u00eda data de 1128, cuando don Alfonso VII, hijo de la reina do\u00f1a Urraca, realiza una divisi\u00f3n de herencias eclesi\u00e1sticas en la di\u00f3cesis de Mondo\u00f1edo, en la que figura esta parroquia con [&hellip;]\" \/>\n<meta property=\"og:url\" content=\"https:\/\/concellodeourol.es\/es\/ova_dir\/iglesia-de-santa-maria-de-ourol\/\" \/>\n<meta property=\"og:site_name\" content=\"Concello de Ourol\" \/>\n<meta property=\"article:publisher\" content=\"https:\/\/www.facebook.com\/ConcelloOurol\/\" \/>\n<meta property=\"article:modified_time\" content=\"2024-07-25T09:36:56+00:00\" \/>\n<meta property=\"og:image\" content=\"https:\/\/concellodeourol.es\/wp-content\/uploads\/2024\/07\/ourol1Li.jpg\" \/>\n\t<meta property=\"og:image:width\" content=\"2000\" \/>\n\t<meta property=\"og:image:height\" content=\"1500\" \/>\n\t<meta property=\"og:image:type\" content=\"image\/jpeg\" \/>\n<meta name=\"twitter:card\" content=\"summary_large_image\" \/>\n<script type=\"application\/ld+json\" class=\"yoast-schema-graph\">{\"@context\":\"https:\/\/schema.org\",\"@graph\":[{\"@type\":\"WebPage\",\"@id\":\"https:\/\/concellodeourol.es\/es\/ova_dir\/iglesia-de-santa-maria-de-ourol\/\",\"url\":\"https:\/\/concellodeourol.es\/es\/ova_dir\/iglesia-de-santa-maria-de-ourol\/\",\"name\":\"Iglesia de Santa Mar\u00eda de Ourol - Concello de Ourol\",\"isPartOf\":{\"@id\":\"https:\/\/concellodeourol.es\/#website\"},\"primaryImageOfPage\":{\"@id\":\"https:\/\/concellodeourol.es\/es\/ova_dir\/iglesia-de-santa-maria-de-ourol\/#primaryimage\"},\"image\":{\"@id\":\"https:\/\/concellodeourol.es\/es\/ova_dir\/iglesia-de-santa-maria-de-ourol\/#primaryimage\"},\"thumbnailUrl\":\"https:\/\/concellodeourol.es\/wp-content\/uploads\/2024\/07\/ourol1Li.jpg\",\"datePublished\":\"2024-07-12T09:40:44+00:00\",\"dateModified\":\"2024-07-25T09:36:56+00:00\",\"breadcrumb\":{\"@id\":\"https:\/\/concellodeourol.es\/es\/ova_dir\/iglesia-de-santa-maria-de-ourol\/#breadcrumb\"},\"inLanguage\":\"es\",\"potentialAction\":[{\"@type\":\"ReadAction\",\"target\":[\"https:\/\/concellodeourol.es\/es\/ova_dir\/iglesia-de-santa-maria-de-ourol\/\"]}]},{\"@type\":\"ImageObject\",\"inLanguage\":\"es\",\"@id\":\"https:\/\/concellodeourol.es\/es\/ova_dir\/iglesia-de-santa-maria-de-ourol\/#primaryimage\",\"url\":\"https:\/\/concellodeourol.es\/wp-content\/uploads\/2024\/07\/ourol1Li.jpg\",\"contentUrl\":\"https:\/\/concellodeourol.es\/wp-content\/uploads\/2024\/07\/ourol1Li.jpg\",\"width\":2000,\"height\":1500},{\"@type\":\"BreadcrumbList\",\"@id\":\"https:\/\/concellodeourol.es\/es\/ova_dir\/iglesia-de-santa-maria-de-ourol\/#breadcrumb\",\"itemListElement\":[{\"@type\":\"ListItem\",\"position\":1,\"name\":\"Inicio\",\"item\":\"https:\/\/concellodeourol.es\/es\/\"},{\"@type\":\"ListItem\",\"position\":2,\"name\":\"Directorios\",\"item\":\"https:\/\/concellodeourol.es\/ova_dir\/\"},{\"@type\":\"ListItem\",\"position\":3,\"name\":\"Iglesia de Santa Mar\u00eda de Ourol\"}]},{\"@type\":\"WebSite\",\"@id\":\"https:\/\/concellodeourol.es\/#website\",\"url\":\"https:\/\/concellodeourol.es\/\",\"name\":\"Concello de Ourol\",\"description\":\"Informaci\u00f3n y Servicios\",\"publisher\":{\"@id\":\"https:\/\/concellodeourol.es\/#organization\"},\"potentialAction\":[{\"@type\":\"SearchAction\",\"target\":{\"@type\":\"EntryPoint\",\"urlTemplate\":\"https:\/\/concellodeourol.es\/?s={search_term_string}\"},\"query-input\":{\"@type\":\"PropertyValueSpecification\",\"valueRequired\":true,\"valueName\":\"search_term_string\"}}],\"inLanguage\":\"es\"},{\"@type\":\"Organization\",\"@id\":\"https:\/\/concellodeourol.es\/#organization\",\"name\":\"Concello de Ourol\",\"url\":\"https:\/\/concellodeourol.es\/\",\"logo\":{\"@type\":\"ImageObject\",\"inLanguage\":\"es\",\"@id\":\"https:\/\/concellodeourol.es\/#\/schema\/logo\/image\/\",\"url\":\"https:\/\/concellodeourol.es\/wp-content\/uploads\/2024\/05\/Escudo-Horizontal-concello-ourol.webp\",\"contentUrl\":\"https:\/\/concellodeourol.es\/wp-content\/uploads\/2024\/05\/Escudo-Horizontal-concello-ourol.webp\",\"width\":450,\"height\":197,\"caption\":\"Concello de Ourol\"},\"image\":{\"@id\":\"https:\/\/concellodeourol.es\/#\/schema\/logo\/image\/\"},\"sameAs\":[\"https:\/\/www.facebook.com\/ConcelloOurol\/\",\"https:\/\/www.instagram.com\/biblioourol\/?hl=es\"]}]}<\/script>\n<!-- \/ Yoast SEO plugin. -->","yoast_head_json":{"title":"Iglesia de Santa Mar\u00eda de Ourol - Concello de Ourol","robots":{"index":"index","follow":"follow","max-snippet":"max-snippet:-1","max-image-preview":"max-image-preview:large","max-video-preview":"max-video-preview:-1"},"canonical":"https:\/\/concellodeourol.es\/es\/ova_dir\/iglesia-de-santa-maria-de-ourol\/","og_locale":"es_ES","og_type":"article","og_title":"Iglesia de Santa Mar\u00eda de Ourol - Concello de Ourol","og_description":"Seg\u00fan afirma Luis L\u00f3pez Pombo en su libro&nbsp;Municipio de Ourol. Un recorrido por sus parroquias,&nbsp;la primera referencia que se tiene constancia de esta feligres\u00eda data de 1128, cuando don Alfonso VII, hijo de la reina do\u00f1a Urraca, realiza una divisi\u00f3n de herencias eclesi\u00e1sticas en la di\u00f3cesis de Mondo\u00f1edo, en la que figura esta parroquia con [&hellip;]","og_url":"https:\/\/concellodeourol.es\/es\/ova_dir\/iglesia-de-santa-maria-de-ourol\/","og_site_name":"Concello de Ourol","article_publisher":"https:\/\/www.facebook.com\/ConcelloOurol\/","article_modified_time":"2024-07-25T09:36:56+00:00","og_image":[{"width":2000,"height":1500,"url":"https:\/\/concellodeourol.es\/wp-content\/uploads\/2024\/07\/ourol1Li.jpg","type":"image\/jpeg"}],"twitter_card":"summary_large_image","schema":{"@context":"https:\/\/schema.org","@graph":[{"@type":"WebPage","@id":"https:\/\/concellodeourol.es\/es\/ova_dir\/iglesia-de-santa-maria-de-ourol\/","url":"https:\/\/concellodeourol.es\/es\/ova_dir\/iglesia-de-santa-maria-de-ourol\/","name":"Iglesia de Santa Mar\u00eda de Ourol - Concello de Ourol","isPartOf":{"@id":"https:\/\/concellodeourol.es\/#website"},"primaryImageOfPage":{"@id":"https:\/\/concellodeourol.es\/es\/ova_dir\/iglesia-de-santa-maria-de-ourol\/#primaryimage"},"image":{"@id":"https:\/\/concellodeourol.es\/es\/ova_dir\/iglesia-de-santa-maria-de-ourol\/#primaryimage"},"thumbnailUrl":"https:\/\/concellodeourol.es\/wp-content\/uploads\/2024\/07\/ourol1Li.jpg","datePublished":"2024-07-12T09:40:44+00:00","dateModified":"2024-07-25T09:36:56+00:00","breadcrumb":{"@id":"https:\/\/concellodeourol.es\/es\/ova_dir\/iglesia-de-santa-maria-de-ourol\/#breadcrumb"},"inLanguage":"es","potentialAction":[{"@type":"ReadAction","target":["https:\/\/concellodeourol.es\/es\/ova_dir\/iglesia-de-santa-maria-de-ourol\/"]}]},{"@type":"ImageObject","inLanguage":"es","@id":"https:\/\/concellodeourol.es\/es\/ova_dir\/iglesia-de-santa-maria-de-ourol\/#primaryimage","url":"https:\/\/concellodeourol.es\/wp-content\/uploads\/2024\/07\/ourol1Li.jpg","contentUrl":"https:\/\/concellodeourol.es\/wp-content\/uploads\/2024\/07\/ourol1Li.jpg","width":2000,"height":1500},{"@type":"BreadcrumbList","@id":"https:\/\/concellodeourol.es\/es\/ova_dir\/iglesia-de-santa-maria-de-ourol\/#breadcrumb","itemListElement":[{"@type":"ListItem","position":1,"name":"Inicio","item":"https:\/\/concellodeourol.es\/es\/"},{"@type":"ListItem","position":2,"name":"Directorios","item":"https:\/\/concellodeourol.es\/ova_dir\/"},{"@type":"ListItem","position":3,"name":"Iglesia de Santa Mar\u00eda de Ourol"}]},{"@type":"WebSite","@id":"https:\/\/concellodeourol.es\/#website","url":"https:\/\/concellodeourol.es\/","name":"Concello de Ourol","description":"Informaci\u00f3n y Servicios","publisher":{"@id":"https:\/\/concellodeourol.es\/#organization"},"potentialAction":[{"@type":"SearchAction","target":{"@type":"EntryPoint","urlTemplate":"https:\/\/concellodeourol.es\/?s={search_term_string}"},"query-input":{"@type":"PropertyValueSpecification","valueRequired":true,"valueName":"search_term_string"}}],"inLanguage":"es"},{"@type":"Organization","@id":"https:\/\/concellodeourol.es\/#organization","name":"Concello de Ourol","url":"https:\/\/concellodeourol.es\/","logo":{"@type":"ImageObject","inLanguage":"es","@id":"https:\/\/concellodeourol.es\/#\/schema\/logo\/image\/","url":"https:\/\/concellodeourol.es\/wp-content\/uploads\/2024\/05\/Escudo-Horizontal-concello-ourol.webp","contentUrl":"https:\/\/concellodeourol.es\/wp-content\/uploads\/2024\/05\/Escudo-Horizontal-concello-ourol.webp","width":450,"height":197,"caption":"Concello de Ourol"},"image":{"@id":"https:\/\/concellodeourol.es\/#\/schema\/logo\/image\/"},"sameAs":["https:\/\/www.facebook.com\/ConcelloOurol\/","https:\/\/www.instagram.com\/biblioourol\/?hl=es"]}]}},"_links":{"self":[{"href":"https:\/\/concellodeourol.es\/es\/wp-json\/wp\/v2\/ova_dir\/8046"}],"collection":[{"href":"https:\/\/concellodeourol.es\/es\/wp-json\/wp\/v2\/ova_dir"}],"about":[{"href":"https:\/\/concellodeourol.es\/es\/wp-json\/wp\/v2\/types\/ova_dir"}],"replies":[{"embeddable":true,"href":"https:\/\/concellodeourol.es\/es\/wp-json\/wp\/v2\/comments?post=8046"}],"wp:featuredmedia":[{"embeddable":true,"href":"https:\/\/concellodeourol.es\/es\/wp-json\/wp\/v2\/media\/7718"}],"wp:attachment":[{"href":"https:\/\/concellodeourol.es\/es\/wp-json\/wp\/v2\/media?parent=8046"}],"wp:term":[{"taxonomy":"cat_dir","embeddable":true,"href":"https:\/\/concellodeourol.es\/es\/wp-json\/wp\/v2\/cat_dir?post=8046"},{"taxonomy":"tag_dir","embeddable":true,"href":"https:\/\/concellodeourol.es\/es\/wp-json\/wp\/v2\/tag_dir?post=8046"}],"curies":[{"name":"wp","href":"https:\/\/api.w.org\/{rel}","templated":true}]}}

Iglesia de Santa María de Ourol

<p>Según afirma Luis López Pombo en su libro<em>&nbsp;Municipio de Ourol. Un recorrido por sus parroquias,&nbsp;</em>la primera referencia que se tiene constancia de esta feligresía data de 1128, cuando don Alfonso VII, hijo de la reina doña Urraca, realiza una división de herencias eclesiásticas en la diócesis de Mondoñedo, en la que figura esta parroquia con en nombre de&nbsp;<strong><em>S. María de Aurol.</em></strong></p>



<p>La iglesia de Ourol es el resultado de diversas reformas de un tempo inicial.</p>

<!-- This site is optimized with the Yoast SEO plugin v25.0 - https://yoast.com/wordpress/plugins/seo/ -->
<title>Iglesia de Santa María de Ourol - Concello de Ourol</title>
<meta name="robots" content="index, follow, max-snippet:-1, max-image-preview:large, max-video-preview:-1" />
<link rel="canonical" href="https://concellodeourol.es/es/ova_dir/iglesia-de-santa-maria-de-ourol/" />
<meta property="og:locale" content="es_ES" />
<meta property="og:type" content="article" />
<meta property="og:title" content="Iglesia de Santa María de Ourol - Concello de Ourol" />
<meta property="og:description" content="Según afirma Luis López Pombo en su libro&nbsp;Municipio de Ourol. Un recorrido por sus parroquias,&nbsp;la primera referencia que se tiene constancia de esta feligresía data de 1128, cuando don Alfonso VII, hijo de la reina doña Urraca, realiza una división de herencias eclesiásticas en la diócesis de Mondoñedo, en la que figura esta parroquia con [&hellip;]" />
<meta property="og:url" content="https://concellodeourol.es/es/ova_dir/iglesia-de-santa-maria-de-ourol/" />
<meta property="og:site_name" content="Concello de Ourol" />
<meta property="article:publisher" content="https://www.facebook.com/ConcelloOurol/" />
<meta property="article:modified_time" content="2024-07-25T09:36:56+00:00" />
<meta property="og:image" content="https://concellodeourol.es/wp-content/uploads/2024/07/ourol1Li.jpg" />
	<meta property="og:image:width" content="2000" />
	<meta property="og:image:height" content="1500" />
	<meta property="og:image:type" content="image/jpeg" />
<meta name="twitter:card" content="summary_large_image" />
<script type="application/ld+json" class="yoast-schema-graph">{"@context":"https://schema.org","@graph":[{"@type":"WebPage","@id":"https://concellodeourol.es/es/ova_dir/iglesia-de-santa-maria-de-ourol/","url":"https://concellodeourol.es/es/ova_dir/iglesia-de-santa-maria-de-ourol/","name":"Iglesia de Santa María de Ourol - Concello de Ourol","isPartOf":{"@id":"https://concellodeourol.es/#website"},"primaryImageOfPage":{"@id":"https://concellodeourol.es/es/ova_dir/iglesia-de-santa-maria-de-ourol/#primaryimage"},"image":{"@id":"https://concellodeourol.es/es/ova_dir/iglesia-de-santa-maria-de-ourol/#primaryimage"},"thumbnailUrl":"https://concellodeourol.es/wp-content/uploads/2024/07/ourol1Li.jpg","datePublished":"2024-07-12T09:40:44+00:00","dateModified":"2024-07-25T09:36:56+00:00","breadcrumb":{"@id":"https://concellodeourol.es/es/ova_dir/iglesia-de-santa-maria-de-ourol/#breadcrumb"},"inLanguage":"es","potentialAction":[{"@type":"ReadAction","target":["https://concellodeourol.es/es/ova_dir/iglesia-de-santa-maria-de-ourol/"]}]},{"@type":"ImageObject","inLanguage":"es","@id":"https://concellodeourol.es/es/ova_dir/iglesia-de-santa-maria-de-ourol/#primaryimage","url":"https://concellodeourol.es/wp-content/uploads/2024/07/ourol1Li.jpg","contentUrl":"https://concellodeourol.es/wp-content/uploads/2024/07/ourol1Li.jpg","width":2000,"height":1500},{"@type":"BreadcrumbList","@id":"https://concellodeourol.es/es/ova_dir/iglesia-de-santa-maria-de-ourol/#breadcrumb","itemListElement":[{"@type":"ListItem","position":1,"name":"Inicio","item":"https://concellodeourol.es/es/"},{"@type":"ListItem","position":2,"name":"Directorios","item":"https://concellodeourol.es/ova_dir/"},{"@type":"ListItem","position":3,"name":"Iglesia de Santa María de Ourol"}]},{"@type":"WebSite","@id":"https://concellodeourol.es/#website","url":"https://concellodeourol.es/","name":"Concello de Ourol","description":"Información y Servicios","publisher":{"@id":"https://concellodeourol.es/#organization"},"potentialAction":[{"@type":"SearchAction","target":{"@type":"EntryPoint","urlTemplate":"https://concellodeourol.es/?s={search_term_string}"},"query-input":{"@type":"PropertyValueSpecification","valueRequired":true,"valueName":"search_term_string"}}],"inLanguage":"es"},{"@type":"Organization","@id":"https://concellodeourol.es/#organization","name":"Concello de Ourol","url":"https://concellodeourol.es/","logo":{"@type":"ImageObject","inLanguage":"es","@id":"https://concellodeourol.es/#/schema/logo/image/","url":"https://concellodeourol.es/wp-content/uploads/2024/05/Escudo-Horizontal-concello-ourol.webp","contentUrl":"https://concellodeourol.es/wp-content/uploads/2024/05/Escudo-Horizontal-concello-ourol.webp","width":450,"height":197,"caption":"Concello de Ourol"},"image":{"@id":"https://concellodeourol.es/#/schema/logo/image/"},"sameAs":["https://www.facebook.com/ConcelloOurol/","https://www.instagram.com/biblioourol/?hl=es"]}]}</script>
<!-- / Yoast SEO plugin. -->

Iglesia de Santa María de Ourol - Concello de Ourol

Según afirma Luis López Pombo en su libro&nbsp;Municipio de Ourol. Un recorrido por sus parroquias,&nbsp;la primera referencia que se tiene constancia de esta feligresía data de 1128, cuando don Alfonso VII, hijo de la reina doña Urraca, realiza una división de herencias eclesiásticas en la diócesis de Mondoñedo, en la que figura esta parroquia con [&hellip;]

Información y Servicios
