{"id":8037,"date":"2024-07-10T22:11:02","date_gmt":"2024-07-10T22:11:02","guid":{"rendered":"https:\/\/concellodeourol.es\/ova_dir\/iglesia-de-san-pantaleon-de-cabanas\/"},"modified":"2024-07-25T09:20:41","modified_gmt":"2024-07-25T09:20:41","slug":"iglesia-de-san-pantaleon-de-cabanas","status":"publish","type":"ova_dir","link":"https:\/\/concellodeourol.es\/es\/ova_dir\/iglesia-de-san-pantaleon-de-cabanas\/","title":{"rendered":"Iglesia de San Pantale\u00f3n de Cabanas"},"content":{"rendered":"\n<p>La parroquia de San Pantale\u00f3n de Cabanas est\u00e1 inexorablemente&nbsp; unida a la figura de don Fern\u00e1n P\u00e9rez de Andrade, que fue su impulsor. Ven\u00eda a las tierras que pose\u00eda en esta zona a cazar con cierta regularidad.<\/p>\n\n\n\n<p>En 1392 Fern\u00e1n P\u00e9rez de Andrade obtiene la licencia del obispo de Mondo\u00f1edo para edificar tres iglesias en los Montes del Sor. Una de ellas es \u00e9sta de San Pantale\u00f3n que se construye entre finales del siglo XIV y principios del XV. En ella figura el s\u00edmbolo del jabal\u00ed, propio de esa familia.<\/p>\n\n\n\n<p>La actual iglesia es el resultado de varias modificaciones, que afectaron, principalmente, a su longitud.<\/p>\n","protected":false},"featured_media":7675,"comment_status":"closed","ping_status":"closed","template":"","cat_dir":[161],"tag_dir":[162],"class_list":["post-8037","ova_dir","type-ova_dir","status-publish","has-post-thumbnail","hentry","cat_dir-patrimonio-es","tag_dir-igrexas-capelas-e-ermidas-es"],"yoast_head":"<!-- This site is optimized with the Yoast SEO plugin v25.0 - https:\/\/yoast.com\/wordpress\/plugins\/seo\/ -->\n<title>Iglesia de San Pantale\u00f3n de Cabanas - Concello de Ourol<\/title>\n<meta name=\"robots\" content=\"index, follow, max-snippet:-1, max-image-preview:large, max-video-preview:-1\" \/>\n<link rel=\"canonical\" href=\"https:\/\/concellodeourol.es\/es\/ova_dir\/iglesia-de-san-pantaleon-de-cabanas\/\" \/>\n<meta property=\"og:locale\" content=\"es_ES\" \/>\n<meta property=\"og:type\" content=\"article\" \/>\n<meta property=\"og:title\" content=\"Iglesia de San Pantale\u00f3n de Cabanas - Concello de Ourol\" \/>\n<meta property=\"og:description\" content=\"La parroquia de San Pantale\u00f3n de Cabanas est\u00e1 inexorablemente&nbsp; unida a la figura de don Fern\u00e1n P\u00e9rez de Andrade, que fue su impulsor. Ven\u00eda a las tierras que pose\u00eda en esta zona a cazar con cierta regularidad. En 1392 Fern\u00e1n P\u00e9rez de Andrade obtiene la licencia del obispo de Mondo\u00f1edo para edificar tres iglesias en [&hellip;]\" \/>\n<meta property=\"og:url\" content=\"https:\/\/concellodeourol.es\/es\/ova_dir\/iglesia-de-san-pantaleon-de-cabanas\/\" \/>\n<meta property=\"og:site_name\" content=\"Concello de Ourol\" \/>\n<meta property=\"article:publisher\" content=\"https:\/\/www.facebook.com\/ConcelloOurol\/\" \/>\n<meta property=\"article:modified_time\" content=\"2024-07-25T09:20:41+00:00\" \/>\n<meta property=\"og:image\" content=\"https:\/\/concellodeourol.es\/wp-content\/uploads\/2024\/07\/Iglesia-san-pantaleon-cabanas-entrada.webp\" \/>\n\t<meta property=\"og:image:width\" content=\"1000\" \/>\n\t<meta property=\"og:image:height\" content=\"750\" \/>\n\t<meta property=\"og:image:type\" content=\"image\/webp\" \/>\n<meta name=\"twitter:card\" content=\"summary_large_image\" \/>\n<meta name=\"twitter:label1\" content=\"Tiempo de lectura\" \/>\n\t<meta name=\"twitter:data1\" content=\"1 minuto\" \/>\n<script type=\"application\/ld+json\" class=\"yoast-schema-graph\">{\"@context\":\"https:\/\/schema.org\",\"@graph\":[{\"@type\":\"WebPage\",\"@id\":\"https:\/\/concellodeourol.es\/es\/ova_dir\/iglesia-de-san-pantaleon-de-cabanas\/\",\"url\":\"https:\/\/concellodeourol.es\/es\/ova_dir\/iglesia-de-san-pantaleon-de-cabanas\/\",\"name\":\"Iglesia de San Pantale\u00f3n de Cabanas - Concello de Ourol\",\"isPartOf\":{\"@id\":\"https:\/\/concellodeourol.es\/#website\"},\"primaryImageOfPage\":{\"@id\":\"https:\/\/concellodeourol.es\/es\/ova_dir\/iglesia-de-san-pantaleon-de-cabanas\/#primaryimage\"},\"image\":{\"@id\":\"https:\/\/concellodeourol.es\/es\/ova_dir\/iglesia-de-san-pantaleon-de-cabanas\/#primaryimage\"},\"thumbnailUrl\":\"https:\/\/concellodeourol.es\/wp-content\/uploads\/2024\/07\/Iglesia-san-pantaleon-cabanas-entrada.webp\",\"datePublished\":\"2024-07-10T22:11:02+00:00\",\"dateModified\":\"2024-07-25T09:20:41+00:00\",\"breadcrumb\":{\"@id\":\"https:\/\/concellodeourol.es\/es\/ova_dir\/iglesia-de-san-pantaleon-de-cabanas\/#breadcrumb\"},\"inLanguage\":\"es\",\"potentialAction\":[{\"@type\":\"ReadAction\",\"target\":[\"https:\/\/concellodeourol.es\/es\/ova_dir\/iglesia-de-san-pantaleon-de-cabanas\/\"]}]},{\"@type\":\"ImageObject\",\"inLanguage\":\"es\",\"@id\":\"https:\/\/concellodeourol.es\/es\/ova_dir\/iglesia-de-san-pantaleon-de-cabanas\/#primaryimage\",\"url\":\"https:\/\/concellodeourol.es\/wp-content\/uploads\/2024\/07\/Iglesia-san-pantaleon-cabanas-entrada.webp\",\"contentUrl\":\"https:\/\/concellodeourol.es\/wp-content\/uploads\/2024\/07\/Iglesia-san-pantaleon-cabanas-entrada.webp\",\"width\":1000,\"height\":750},{\"@type\":\"BreadcrumbList\",\"@id\":\"https:\/\/concellodeourol.es\/es\/ova_dir\/iglesia-de-san-pantaleon-de-cabanas\/#breadcrumb\",\"itemListElement\":[{\"@type\":\"ListItem\",\"position\":1,\"name\":\"Inicio\",\"item\":\"https:\/\/concellodeourol.es\/es\/\"},{\"@type\":\"ListItem\",\"position\":2,\"name\":\"Directorios\",\"item\":\"https:\/\/concellodeourol.es\/ova_dir\/\"},{\"@type\":\"ListItem\",\"position\":3,\"name\":\"Iglesia de San Pantale\u00f3n de Cabanas\"}]},{\"@type\":\"WebSite\",\"@id\":\"https:\/\/concellodeourol.es\/#website\",\"url\":\"https:\/\/concellodeourol.es\/\",\"name\":\"Concello de Ourol\",\"description\":\"Informaci\u00f3n y Servicios\",\"publisher\":{\"@id\":\"https:\/\/concellodeourol.es\/#organization\"},\"potentialAction\":[{\"@type\":\"SearchAction\",\"target\":{\"@type\":\"EntryPoint\",\"urlTemplate\":\"https:\/\/concellodeourol.es\/?s={search_term_string}\"},\"query-input\":{\"@type\":\"PropertyValueSpecification\",\"valueRequired\":true,\"valueName\":\"search_term_string\"}}],\"inLanguage\":\"es\"},{\"@type\":\"Organization\",\"@id\":\"https:\/\/concellodeourol.es\/#organization\",\"name\":\"Concello de Ourol\",\"url\":\"https:\/\/concellodeourol.es\/\",\"logo\":{\"@type\":\"ImageObject\",\"inLanguage\":\"es\",\"@id\":\"https:\/\/concellodeourol.es\/#\/schema\/logo\/image\/\",\"url\":\"https:\/\/concellodeourol.es\/wp-content\/uploads\/2024\/05\/Escudo-Horizontal-concello-ourol.webp\",\"contentUrl\":\"https:\/\/concellodeourol.es\/wp-content\/uploads\/2024\/05\/Escudo-Horizontal-concello-ourol.webp\",\"width\":450,\"height\":197,\"caption\":\"Concello de Ourol\"},\"image\":{\"@id\":\"https:\/\/concellodeourol.es\/#\/schema\/logo\/image\/\"},\"sameAs\":[\"https:\/\/www.facebook.com\/ConcelloOurol\/\",\"https:\/\/www.instagram.com\/biblioourol\/?hl=es\"]}]}<\/script>\n<!-- \/ Yoast SEO plugin. -->","yoast_head_json":{"title":"Iglesia de San Pantale\u00f3n de Cabanas - Concello de Ourol","robots":{"index":"index","follow":"follow","max-snippet":"max-snippet:-1","max-image-preview":"max-image-preview:large","max-video-preview":"max-video-preview:-1"},"canonical":"https:\/\/concellodeourol.es\/es\/ova_dir\/iglesia-de-san-pantaleon-de-cabanas\/","og_locale":"es_ES","og_type":"article","og_title":"Iglesia de San Pantale\u00f3n de Cabanas - Concello de Ourol","og_description":"La parroquia de San Pantale\u00f3n de Cabanas est\u00e1 inexorablemente&nbsp; unida a la figura de don Fern\u00e1n P\u00e9rez de Andrade, que fue su impulsor. Ven\u00eda a las tierras que pose\u00eda en esta zona a cazar con cierta regularidad. En 1392 Fern\u00e1n P\u00e9rez de Andrade obtiene la licencia del obispo de Mondo\u00f1edo para edificar tres iglesias en [&hellip;]","og_url":"https:\/\/concellodeourol.es\/es\/ova_dir\/iglesia-de-san-pantaleon-de-cabanas\/","og_site_name":"Concello de Ourol","article_publisher":"https:\/\/www.facebook.com\/ConcelloOurol\/","article_modified_time":"2024-07-25T09:20:41+00:00","og_image":[{"width":1000,"height":750,"url":"https:\/\/concellodeourol.es\/wp-content\/uploads\/2024\/07\/Iglesia-san-pantaleon-cabanas-entrada.webp","type":"image\/webp"}],"twitter_card":"summary_large_image","twitter_misc":{"Tiempo de lectura":"1 minuto"},"schema":{"@context":"https:\/\/schema.org","@graph":[{"@type":"WebPage","@id":"https:\/\/concellodeourol.es\/es\/ova_dir\/iglesia-de-san-pantaleon-de-cabanas\/","url":"https:\/\/concellodeourol.es\/es\/ova_dir\/iglesia-de-san-pantaleon-de-cabanas\/","name":"Iglesia de San Pantale\u00f3n de Cabanas - Concello de Ourol","isPartOf":{"@id":"https:\/\/concellodeourol.es\/#website"},"primaryImageOfPage":{"@id":"https:\/\/concellodeourol.es\/es\/ova_dir\/iglesia-de-san-pantaleon-de-cabanas\/#primaryimage"},"image":{"@id":"https:\/\/concellodeourol.es\/es\/ova_dir\/iglesia-de-san-pantaleon-de-cabanas\/#primaryimage"},"thumbnailUrl":"https:\/\/concellodeourol.es\/wp-content\/uploads\/2024\/07\/Iglesia-san-pantaleon-cabanas-entrada.webp","datePublished":"2024-07-10T22:11:02+00:00","dateModified":"2024-07-25T09:20:41+00:00","breadcrumb":{"@id":"https:\/\/concellodeourol.es\/es\/ova_dir\/iglesia-de-san-pantaleon-de-cabanas\/#breadcrumb"},"inLanguage":"es","potentialAction":[{"@type":"ReadAction","target":["https:\/\/concellodeourol.es\/es\/ova_dir\/iglesia-de-san-pantaleon-de-cabanas\/"]}]},{"@type":"ImageObject","inLanguage":"es","@id":"https:\/\/concellodeourol.es\/es\/ova_dir\/iglesia-de-san-pantaleon-de-cabanas\/#primaryimage","url":"https:\/\/concellodeourol.es\/wp-content\/uploads\/2024\/07\/Iglesia-san-pantaleon-cabanas-entrada.webp","contentUrl":"https:\/\/concellodeourol.es\/wp-content\/uploads\/2024\/07\/Iglesia-san-pantaleon-cabanas-entrada.webp","width":1000,"height":750},{"@type":"BreadcrumbList","@id":"https:\/\/concellodeourol.es\/es\/ova_dir\/iglesia-de-san-pantaleon-de-cabanas\/#breadcrumb","itemListElement":[{"@type":"ListItem","position":1,"name":"Inicio","item":"https:\/\/concellodeourol.es\/es\/"},{"@type":"ListItem","position":2,"name":"Directorios","item":"https:\/\/concellodeourol.es\/ova_dir\/"},{"@type":"ListItem","position":3,"name":"Iglesia de San Pantale\u00f3n de Cabanas"}]},{"@type":"WebSite","@id":"https:\/\/concellodeourol.es\/#website","url":"https:\/\/concellodeourol.es\/","name":"Concello de Ourol","description":"Informaci\u00f3n y Servicios","publisher":{"@id":"https:\/\/concellodeourol.es\/#organization"},"potentialAction":[{"@type":"SearchAction","target":{"@type":"EntryPoint","urlTemplate":"https:\/\/concellodeourol.es\/?s={search_term_string}"},"query-input":{"@type":"PropertyValueSpecification","valueRequired":true,"valueName":"search_term_string"}}],"inLanguage":"es"},{"@type":"Organization","@id":"https:\/\/concellodeourol.es\/#organization","name":"Concello de Ourol","url":"https:\/\/concellodeourol.es\/","logo":{"@type":"ImageObject","inLanguage":"es","@id":"https:\/\/concellodeourol.es\/#\/schema\/logo\/image\/","url":"https:\/\/concellodeourol.es\/wp-content\/uploads\/2024\/05\/Escudo-Horizontal-concello-ourol.webp","contentUrl":"https:\/\/concellodeourol.es\/wp-content\/uploads\/2024\/05\/Escudo-Horizontal-concello-ourol.webp","width":450,"height":197,"caption":"Concello de Ourol"},"image":{"@id":"https:\/\/concellodeourol.es\/#\/schema\/logo\/image\/"},"sameAs":["https:\/\/www.facebook.com\/ConcelloOurol\/","https:\/\/www.instagram.com\/biblioourol\/?hl=es"]}]}},"_links":{"self":[{"href":"https:\/\/concellodeourol.es\/es\/wp-json\/wp\/v2\/ova_dir\/8037"}],"collection":[{"href":"https:\/\/concellodeourol.es\/es\/wp-json\/wp\/v2\/ova_dir"}],"about":[{"href":"https:\/\/concellodeourol.es\/es\/wp-json\/wp\/v2\/types\/ova_dir"}],"replies":[{"embeddable":true,"href":"https:\/\/concellodeourol.es\/es\/wp-json\/wp\/v2\/comments?post=8037"}],"wp:featuredmedia":[{"embeddable":true,"href":"https:\/\/concellodeourol.es\/es\/wp-json\/wp\/v2\/media\/7675"}],"wp:attachment":[{"href":"https:\/\/concellodeourol.es\/es\/wp-json\/wp\/v2\/media?parent=8037"}],"wp:term":[{"taxonomy":"cat_dir","embeddable":true,"href":"https:\/\/concellodeourol.es\/es\/wp-json\/wp\/v2\/cat_dir?post=8037"},{"taxonomy":"tag_dir","embeddable":true,"href":"https:\/\/concellodeourol.es\/es\/wp-json\/wp\/v2\/tag_dir?post=8037"}],"curies":[{"name":"wp","href":"https:\/\/api.w.org\/{rel}","templated":true}]}}

Iglesia de San Pantaleón de Cabanas

<p>La parroquia de San Pantaleón de Cabanas está inexorablemente&nbsp; unida a la figura de don Fernán Pérez de Andrade, que fue su impulsor. Venía a las tierras que poseía en esta zona a cazar con cierta regularidad.</p>



<p>En 1392 Fernán Pérez de Andrade obtiene la licencia del obispo de Mondoñedo para edificar tres iglesias en los Montes del Sor. Una de ellas es ésta de San Pantaleón que se construye entre finales del siglo XIV y principios del XV. En ella figura el símbolo del jabalí, propio de esa familia.</p>



<p>La actual iglesia es el resultado de varias modificaciones, que afectaron, principalmente, a su longitud.</p>

<!-- This site is optimized with the Yoast SEO plugin v25.0 - https://yoast.com/wordpress/plugins/seo/ -->
<title>Iglesia de San Pantaleón de Cabanas - Concello de Ourol</title>
<meta name="robots" content="index, follow, max-snippet:-1, max-image-preview:large, max-video-preview:-1" />
<link rel="canonical" href="https://concellodeourol.es/es/ova_dir/iglesia-de-san-pantaleon-de-cabanas/" />
<meta property="og:locale" content="es_ES" />
<meta property="og:type" content="article" />
<meta property="og:title" content="Iglesia de San Pantaleón de Cabanas - Concello de Ourol" />
<meta property="og:description" content="La parroquia de San Pantaleón de Cabanas está inexorablemente&nbsp; unida a la figura de don Fernán Pérez de Andrade, que fue su impulsor. Venía a las tierras que poseía en esta zona a cazar con cierta regularidad. En 1392 Fernán Pérez de Andrade obtiene la licencia del obispo de Mondoñedo para edificar tres iglesias en [&hellip;]" />
<meta property="og:url" content="https://concellodeourol.es/es/ova_dir/iglesia-de-san-pantaleon-de-cabanas/" />
<meta property="og:site_name" content="Concello de Ourol" />
<meta property="article:publisher" content="https://www.facebook.com/ConcelloOurol/" />
<meta property="article:modified_time" content="2024-07-25T09:20:41+00:00" />
<meta property="og:image" content="https://concellodeourol.es/wp-content/uploads/2024/07/Iglesia-san-pantaleon-cabanas-entrada.webp" />
	<meta property="og:image:width" content="1000" />
	<meta property="og:image:height" content="750" />
	<meta property="og:image:type" content="image/webp" />
<meta name="twitter:card" content="summary_large_image" />
<meta name="twitter:label1" content="Tiempo de lectura" />
	<meta name="twitter:data1" content="1 minuto" />
<script type="application/ld+json" class="yoast-schema-graph">{"@context":"https://schema.org","@graph":[{"@type":"WebPage","@id":"https://concellodeourol.es/es/ova_dir/iglesia-de-san-pantaleon-de-cabanas/","url":"https://concellodeourol.es/es/ova_dir/iglesia-de-san-pantaleon-de-cabanas/","name":"Iglesia de San Pantaleón de Cabanas - Concello de Ourol","isPartOf":{"@id":"https://concellodeourol.es/#website"},"primaryImageOfPage":{"@id":"https://concellodeourol.es/es/ova_dir/iglesia-de-san-pantaleon-de-cabanas/#primaryimage"},"image":{"@id":"https://concellodeourol.es/es/ova_dir/iglesia-de-san-pantaleon-de-cabanas/#primaryimage"},"thumbnailUrl":"https://concellodeourol.es/wp-content/uploads/2024/07/Iglesia-san-pantaleon-cabanas-entrada.webp","datePublished":"2024-07-10T22:11:02+00:00","dateModified":"2024-07-25T09:20:41+00:00","breadcrumb":{"@id":"https://concellodeourol.es/es/ova_dir/iglesia-de-san-pantaleon-de-cabanas/#breadcrumb"},"inLanguage":"es","potentialAction":[{"@type":"ReadAction","target":["https://concellodeourol.es/es/ova_dir/iglesia-de-san-pantaleon-de-cabanas/"]}]},{"@type":"ImageObject","inLanguage":"es","@id":"https://concellodeourol.es/es/ova_dir/iglesia-de-san-pantaleon-de-cabanas/#primaryimage","url":"https://concellodeourol.es/wp-content/uploads/2024/07/Iglesia-san-pantaleon-cabanas-entrada.webp","contentUrl":"https://concellodeourol.es/wp-content/uploads/2024/07/Iglesia-san-pantaleon-cabanas-entrada.webp","width":1000,"height":750},{"@type":"BreadcrumbList","@id":"https://concellodeourol.es/es/ova_dir/iglesia-de-san-pantaleon-de-cabanas/#breadcrumb","itemListElement":[{"@type":"ListItem","position":1,"name":"Inicio","item":"https://concellodeourol.es/es/"},{"@type":"ListItem","position":2,"name":"Directorios","item":"https://concellodeourol.es/ova_dir/"},{"@type":"ListItem","position":3,"name":"Iglesia de San Pantaleón de Cabanas"}]},{"@type":"WebSite","@id":"https://concellodeourol.es/#website","url":"https://concellodeourol.es/","name":"Concello de Ourol","description":"Información y Servicios","publisher":{"@id":"https://concellodeourol.es/#organization"},"potentialAction":[{"@type":"SearchAction","target":{"@type":"EntryPoint","urlTemplate":"https://concellodeourol.es/?s={search_term_string}"},"query-input":{"@type":"PropertyValueSpecification","valueRequired":true,"valueName":"search_term_string"}}],"inLanguage":"es"},{"@type":"Organization","@id":"https://concellodeourol.es/#organization","name":"Concello de Ourol","url":"https://concellodeourol.es/","logo":{"@type":"ImageObject","inLanguage":"es","@id":"https://concellodeourol.es/#/schema/logo/image/","url":"https://concellodeourol.es/wp-content/uploads/2024/05/Escudo-Horizontal-concello-ourol.webp","contentUrl":"https://concellodeourol.es/wp-content/uploads/2024/05/Escudo-Horizontal-concello-ourol.webp","width":450,"height":197,"caption":"Concello de Ourol"},"image":{"@id":"https://concellodeourol.es/#/schema/logo/image/"},"sameAs":["https://www.facebook.com/ConcelloOurol/","https://www.instagram.com/biblioourol/?hl=es"]}]}</script>
<!-- / Yoast SEO plugin. -->

Iglesia de San Pantaleón de Cabanas - Concello de Ourol

La parroquia de San Pantaleón de Cabanas está inexorablemente&nbsp; unida a la figura de don Fernán Pérez de Andrade, que fue su impulsor. Venía a las tierras que poseía en esta zona a cazar con cierta regularidad. En 1392 Fernán Pérez de Andrade obtiene la licencia del obispo de Mondoñedo para edificar tres iglesias en [&hellip;]

Información y Servicios
